 the tens digit of k(a)?
8
Suppose -9*d = -19*d + 108390. Suppose -d + 2380 = -11*x. What is the tens digit of x?
6
Suppose -3018 = 2*n + 3*c, 4*c + 2004 = -2*n - 1018. Let s = 3453 + n. What is the hundreds digit of s?
9
Let r = 30287 + -20761. What is the thousands digit of r?
9
Let x(w) = w + 24. Let s be x(-20). Suppose f - 60 = -9*l + 4*l, s*f = -5*l + 60. Let n = l - -14. What is the units digit of n?
6
Suppose 129*a + 101*a - 3774944 = 46*a. What is the tens digit of a?
1
Let w(g) = g**3 - 20*g**2 + 18*g + 23. Let i(f) = f**2 - 1. Let v(j) = 3*i(j) + w(j). Let y = -280 - -296. What is the tens digit of v(y)?
5
Suppose 2*u - 38 = -6*a + 2*a, -56 = -2*u + 5*a. Let p = 3 + u. Suppose 4*t + 46 = 2*w, -t + p = w - 0*t. What is the tens digit of w?
2
Let s(z) = z + 3. Suppose -8*i + 5 = -3*i. Let u be s(i). Suppose u*x - 27 = 3*x. What is the units digit of x?
7
Let d = 65 - 60. Suppose -2027 = 3*b - 2*b + d*h, -2*h = -2*b - 4006. What is the tens digit of b/(-54) + 3/(-18)?
3
Let l = 373 - 258. Suppose 5*s + 2*k - 143 - l = 0, 2*s + 2*k - 102 = 0. Suppose x - 5*g - 26 = s, -x + 71 = 2*g. What is the units digit of x?
3
Let g be (-8777)/(-2) - 237/158. Suppose g = 3*m - 5*q, -4*m + 39*q - 37*q = -5826. What is the hundreds digit of m?
4
Suppose 26 = -4*k + 34. What is the hundreds digit of k/(-7) - (-6864)/14?
4
What is the tens digit of (-20704)/(-2) - (-10 + 18 + -4)?
4
Let x(n) = 5*n**2 - 29*n - 4599. What is the thousands digit of x(-73)?
4
Let m(q) = 7*q**2 - q. Let o(a) = -a**3 + 5*a**2 - a + 6. Let l be o(5). Let i be m(l). What is the units digit of (3 - i)*(-356)/12?
9
Let w(x) = -2*x - 47. Let r be w(-20). What is the hundreds digit of (-2*(r - 220))/(2 - 1)?
4
What is the tens digit of (2 - (28/10 + 2))*222690/(-78)?
9
Suppose -u - 865 = -s, -5*u - 3*s - 3082 - 1219 = 0. Let r = -586 - u. What is the tens digit of r?
7
Let d be (-4 - 5/(-2))*8*4. Let a be 2/8 + (-36)/d. What is the tens digit of ((5 + -1)/(-8))/(a/(-318))?
5
Let s(j) = -21*j**2 - 2*j + 1. Let r be s(1). Suppose -4*i + 4 = -3*t, -11*t - i = -12*t - 3. Let f = t - r. What is the units digit of f?
4
Suppose 19 = 6*y - 23. Suppose -3320 = -11*z + y*z. Suppose k - 6*i + i = 160, 5*k - z = -5*i. What is the units digit of k?
5
Suppose 13*x = -w + 301762, 2*x - 1105 = 4*w + 45349. What is the thousands digit of x?
3
What is the tens digit of (4 - (0 + 1007))/((-12)/84)?
2
Suppose 0 = 68*d - 53*d - 2175. Let h(i) = -5*i**2 + 2. Let b be h(4). Let a = d + b. What is the units digit of a?
7
Suppose 14 = v + v + l, -3*l + 17 = v. Suppose -o + 3*g + 278 = 0, -v*g = 2*o - g - 596. Suppose o = 5*z - 185. What is the units digit of z?
5
Suppose -b = 2*z - 14038, -7*z + 9*z - 14050 = 2*b. What is the units digit of z?
1
Suppose -3*k - 3*b + 1197 = 0, -4*k + 3*b = -1197 - 434. What is the hundreds digit of k?
4
Let v(h) = -1083*h - 1831. What is the tens digit of v(-13)?
4
Let p = -58 + 163. Suppose p*w + 1080 = 110*w. Suppose 35*x = 39*x - w. What is the tens digit of x?
5
Suppose 2*u = -2*o - 3*o + 569, -u - 3*o + 285 = 0. Suppose 2*k + 3*h = -u, h = 5*k + 2*h + 692. Let q = -71 - k. What is the tens digit of q?
6
Let l(c) = -162*c**3 - 5*c**2 - 5*c - 2. Let f = -192 - -191. What is the hundreds digit of l(f)?
1
Let r(j) = 15*j + 12*j - j**3 - 8*j**2 + 25 + 33*j**2 - 4*j**2. What is the units digit of r(22)?
5
Let m = 33 - -87. Suppose 0 = -11*y - y + m. What is the tens digit of y?
1
Suppose 0 = 3*w + t - 4*t - 696, 3*t = -5*w + 1192. Suppose 2*j = -2*v - w, 4*j + 0*v = 2*v - 460. Let p = j + 255. What is the tens digit of p?
3
Let f(c) = 97*c - 14. Let m be f(-3). Let h = m + 656. What is the hundreds digit of h?
3
Let b(l) = -l + 13. Let o be b(-8). Let y(k) = 8*k - 8. What is the tens digit of y(o)?
6
Let x be (0 + -4)/(-4)*4. Let r(n) = 168*n - 18. What is the hundreds digit of r(x)?
6
Suppose -18*o = -5*v - 19*o + 15925, o - 3189 = -v. What is the hundreds digit of v?
1
Let c be (-1)/(-4) - (-398)/8. Suppose -5*o + c = -5*x, -3*o + 12 = -4*x - 6*o. What is the units digit of ((-117)/x)/(6/8)?
6
Let g(z) = -z**3 - z**2 + 5*z - 3. Let k be g(-3). Let t be ((-4444)/(-6) - k)/((-52)/(-78)). Suppose t = 8*y + 159. What is the hundreds digit of y?
1
Let l(t) = -45*t**2 + 12*t + 15. Let f be l(-5). Let n = -801 - f. What is the hundreds digit of n?
3
Let c(i) be the first derivative of 11*i**5/60 - 43*i**4/24 - 37*i**3/3 + 30. Let f(k) be the third derivative of c(k). What is the tens digit of f(10)?
7
Let t be 6/(-10) + (-418002)/230. Let l = t - -2774. What is the hundreds digit of l?
9
Let z = -2109 - -3998. Suppose -z = -4*i + 15. What is the units digit of i?
6
Let u(c) = -2*c**3 - 4*c**2 - 3*c - 5. Let h be u(3). Let a = 813 + h. What is the units digit of a?
9
Let y = -38 + 52. Suppose -2*j + y + 23 = 5*f, 11 = f + 4*j. Suppose f*n = -37 + 345. What is the tens digit of n?
4
Let q(d) = -108*d + 64. Let f = -358 + 353. What is the tens digit of q(f)?
0
Let y be (-11650)/(-699)*(-3)/2. Let i = -2 - -2. What is the units digit of (y - i)/((-2)/10)?
5
Suppose 2*c - 47 = -5. Let s be 276/18 + (-10)/(-15). Let w = c - s. What is the units digit of w?
5
What is the thousands digit of 15697 + 0 + -20 + 12?
5
Let d = 19750 + -13495. What is the thousands digit of d?
6
Suppose 5 + 2 = -5*a - 4*z, -20 = -5*a + 5*z. What is the units digit of (134/(-8))/(a/(-4))?
7
Let p be (4 + -2)*(-2 + 0). Suppose -11*q = -22*q - 66. What is the units digit of (250/p)/(1*3/q)?
5
Let u(n) be the third derivative of 2/3*n**4 + n**2 + 0*n + 0 + 4/3*n**3. What is the units digit of u(5)?
8
Suppose 4*b + 30 = 10*b. Suppose -6642 + 387 = -b*o. Suppose -o = 2*q - 11*q. What is the hundreds digit of q?
1
Let c be -1*(-28)/6*18. Suppose 3*p - 3 = c. Let m = p + 7. What is the tens digit of m?
3
Suppose 2*i = 2*j - 2, -6 = -i - 2. Suppose 5*g + 103 + 256 = 3*y, -472 = -4*y + j*g. What is the tens digit of y?
1
Suppose 4 = 4*k, -4*m + 2*k - 500 - 382 = 0. Let y = -76 - m. What is the hundreds digit of y?
1
Suppose 7695*w = 7729*w - 866116. What is the units digit of w?
4
What is the hundreds digit of (-1794792)/(-26) - ((-5060)/(-260) + -19)?
0
Suppose 4*f - 376 = 280. Suppose -m + 10*x = 6*x - f, 4*m - 689 = 5*x. Suppose -t = -c - m, 2*c = 4*t + 4*c - 686. What is the units digit of t?
3
Let c be (-4)/(-10)*(-279 - -4). Let o = -106 - c. Suppose 79 = o*r - 69. What is the tens digit of r?
3
Let t(z) be the third derivative of 1/3*z**4 - 12*z**2 + 0*z + 7/3*z**3 + 0. What is the tens digit of t(11)?
0
Let c(x) = -x**2 + 5*x + 4. Let z be c(6). Let b be (-12)/(-104)*562 - z/13. Let j = b + -29. What is the tens digit of j?
3
Let y(o) = 85*o + 65. Let b = 100 - 91. Let v be y(b). Suppose 0 = -16*f + 11*f + v. What is the tens digit of f?
6
Suppose 4*s = 24, 3*r - 5*s - 50831 = 7084. What is the units digit of r?
5
Suppose 722 = -9*y - 268. What is the tens digit of 10/y - 13665/(-33)*1?
1
What is the hundreds digit of ((-333)/(-222))/((-6)/(-197632)*2)?
7
Let c be (0/2)/((4 + 6)/5). Suppose c = -105*d + 93*d + 3468. What is the tens digit of d?
8
Let a(j) = j**3 - 22*j**2 - 23*j. Let i be a(23). Suppose -4*l + 11*l - 35 = i. Suppose -l*p - 94 = -n, 2*n - n + 2*p - 122 = 0. What is the tens digit of n?
1
Suppose 6*o + 56 = 13*o. Suppose 32 = 2*q + o. Suppose -5*m + q + 843 = 0. What is the hundreds digit of m?
1
Suppose 2*m = 5*m - 4326. Suppose -13*s + m = -1301. Suppose -199 = -3*c + x, -6*c = -3*c + 5*x - s. What is the tens digit of c?
6
Suppose 0 = -2*v - 5*m + 1295, 0 = v - 5*v + 3*m + 2551. Let l = v + -349. What is the units digit of l?
1
What is the thousands digit of 5 + 0 + (6374/6)/((-7)/(-21))?
3
Suppose 3*q - 17 = 5*y, -3*y - 4*q + 14 = 1. What is the units digit of (-10 - (-838)/(-4))*2/y?
9
Let b(g) = 45*g - 246. What is the units digit of b(41)?
9
What is the ten thousands digit of -386*(1 + 0)*21*(-253)/154?
1
Let k = 57595 + -18216. What is the thousands digit of k?
9
Suppose 0 = -2*h + s + 15 - 10, h - 2*s = 4. Suppose -h*d - 7*d = -1989. What is the units digit of d?
1
Let r(y) be the second derivative of 43*y**4/12 + 10*y**3/3 + 51*y**2/2 + 49*y. What is the hundreds digit of r(-3)?
3
Let w(m) = -3*m**3 + 14*m**2 + 33*m - 15. What is the units digit of w(-11)?
9
Let v(m) = 4*m**3 - 8*m*